- -3)
0
Calculate 0 - 2 - (1 + -3 + 2).
-2
What is -3 + -3 + 6 + 3?
3
What is -1 + (-9 + 2 - -13) + -5?
0
Evaluate -7 + 5 + 0 + -1.
-3
Evaluate 9 + -2 + 3 - 10.
0
Calculate -6 + -1 + 3 + 1.
-3
What is the value of (0 - 0 - (23 - 23)) + 0?
0
Evaluate (-9 - -12) + (1 - (1 + 3)).
0
Calculate -1 + (-1 - (-2 + 4)).
-4
What is -4 + (3 - (1 - 5)) + 1?
4
What is 0 + 2 - (3 + 0 - 5)?
4
What is -2 + (-1 - -2) + -2?
-3
Evaluate (3 - 10) + 7 + -3 + -2.
-5
What is the value of -1 + 0 + (-2 - -3)?
0
2 + -6 + 7 + -3
0
Evaluate -3 + 6 + -3 + (23 - 21).
2
Calculate -4 + 10 + 2 + -8.
0
Evaluate (7 - -1) + (-1 - 1).
6
Calculate -5 + (-1 - (0 - (2 + -1))).
-5
Calculate -2 + 3 + (-1 - -1) + -1.
0
What is the value of -3 + 2 + -9 - -9?
-1
Evaluate 6 - (1 - (5 + -5)).
5
4 - (22 + -7) - -6
-5
Evaluate -87 + 88 - (0 - -1).
0
Evaluate 1 - (-5 + 9) - (-1 - 0).
-2
Calculate 5 - ((4 - 2) + -4 - -2).
5
What is the value of 3 - (0 + -1 + 5)?
-1
0 + (-1 - (-2 - (-3 + -1)))
-3
Calculate -1 + 0 - ((6 - 4) + 2).
-5
-3 + -1 + -11 + 11
-4
What is 22 + -22 + (3 - (-1 + -2))?
6
Calculate -5 + 6 - 13 - (-5 - -2).
-9
Evaluate -6 + 3 + -1 - (25 + -26).
-3
Evaluate 0 + 7 + 33 + -49.
-9
What is -1 - 1 - (-11 + 1) - 0?
8
Calculate 7 + -3 - (3 - (-1 + 3)).
3
Calculate 4 + -5 + 9 + -9.
-1
Evaluate (-2 - (-7 + 4) - 1) + -6.
-6
What is the value of 8 - 3 - (0 + 1) - -1?
5
What is 14 + -4 + -33 - -13?
-10
-2 - (8 - 9) - (2 - 0)
-3
Evaluate (8 + -5 - 3) + 1 + -3.
-2
What is -158 + 164 - (-1 - -5)?
2
Evaluate 5 + -7 + 0 + 4 + 0.
2
Calculate 17 + 5 + (-3 - 12).
7
Calculate -4 + -5 + 22 - 8.
5
Evaluate 0 - -1 - (-39 - -39).
1
What is -7 - (-12 - (-4 - -2))?
3
Evaluate -4 + -1 + -3 + 6.
-2
What is the value of 2 + (-4 + 0 - -9) + -10?
-3
What is the value of 5 - -3 - (-3 + 2 + 4)?
5
Calculate -7 + 7 - 3 - -2.
-1
Calculate 2 + 9 + -10 + -3.
-2
Evaluate -4 + 7 + -6 + 10 + -6.
1
-2 + 12 + (48 - 65)
-7
What is 2 - (-4 + (14 - (-2 - -7)))?
-3
What is the value of -2 - -2 - (-9 + 3 - -7)?
-1
-7 - 0 - (-4 + 0 - 6)
3
-9 + (-5 - (0 - 22))
8
What is the value of 1 - 6 - (2 + -11)?
4
Evaluate (-8 - (2 + -2)) + 7.
-1
What is the value of -15 - 1 - (0 + 1 + -8)?
-9
(8 - 1) + (5 - 18) + -4
-10
What is the value of (-2 - (-1 + -8)) + (-6 - -4)?
5
What is the value of -3 + (2 - -3) + -7?
-5
What is -4 + 1 + -1 - (-2 - 7)?
5
What is the value of 3 + 5 + -9 - (0 - 5)?
4
What is the value of (2 - (-4 + -1 + 5)) + -7?
-5
What is the value of 1 + (0 + -4 + 7 - 4)?
0
(-1 - (-4 + 1)) + (-1 - 2)
-1
What is the value of (0 - 0) + (11 - 7) + 0?
4
Calculate 1 - ((-1 - 3) + 7 + 3).
-5
What is (-4 - ((-5 - -2) + 1)) + 3?
1
What is the value of (4 - 12) + 2 + 11?
5
Calculate -19 - (2 + -11) - (-6 - 0).
-4
2 + -1 + 1 - (-105 + 109)
-2
-3 - -1 - (-36 - -33)
1
What is the value of -8 + 14 + -4 + -4?
-2
Calculate 3 - (-4 + 5 + 0).
2
Evaluate -7 + -1 + -29 + 39.
2
Calculate 7 - (-2 - -14 - (1 + 5)).
1
Calculate -4 + 0 + 3 + -6 + 2.
-5
What is -4 - (8 - (-6 + 16 + -4))?
-6
What is -5 - (4 + -5) - (2 - 0)?
-6
What is the value of (-1 - (3 + -1)) + (-6 - -14)?
5
What is -5 + 4 + (3 - -1) + 0?
3
-3 - (4 - (-6 - -9))
-4
Calculate 2 + -2 + 4 + -10 + 9.
3
2 + 3 + 3 + -9
-1
Evaluate -12 + (11 - (15 + -11)).
-5
What is 0 + (3 - 2) + 1 + -4?
-2
(-3 - -1) + (91 - 83)
6
Evaluate (2 - 2) + -3 + 2.
-1
What is 1 - -1 - (-4 + 6)?
0
What is (5 - (5 - (2 + 2))) + -1?
3
What is the value of -7 + (0 + -2 - (1 + -6))?
-4
What is -6 + 2 + (8 - 10)?
-6
Evaluate -5 - (-19 + 15 + -4).
3
Evaluate -23 - -29 - (-1 + 1).
6
Calculate (-1 - 0 - -5) + (-144 - -143).
3
Calculate 6 - 5 - (3 - 1).
-1
What is the value of 8 - (4 - -13 - 5)?
-4
6 + -1 + 0 + -1
4
Calculate 2 + 5 + 3 + 0 + -3.
7
Calculate 2 - -2 - (-2 + 7 - -2).
-3
Calculate 2 + -6 + (3 - 1).
-2
What is 0 - (14 + -4 + -7)?
-3
What is (-31 - -19) + -3 + 3 + 1?
-11
0 + -1 - (-2 + 8 + -7)
0
Calculate (-8 - -4) + 3 + (-9 - -6).
-4
2 + 1 + 1 + (2 - 4)
2
Evaluate -2 - 1 - 0 - (-12 + 6).
3
Calculate -13 - (-10 + -1) - -1.
-1
What is -4 + (13 - 10 - (3 + -1))?
-3
1 - ((-1 - -4) + -1)
-1
(3 - (-2 + 5)) + 3 + -7
-4
Evaluate 0 - (2 + -6 + 2).
2
Evaluate -8 + (7 + -1 - -3).
1
Calculate -10 + (-3 - 0) + 14.
1
Calculate 7 - (18 + -4) - -3.
-4
Evaluate -5 + (1 - -6 - (6 - 2)).
-2
Calculate -2 - (3 - (3 - 1)).
-3
What is the value of 0 - 0 - (-85 - -85)?
0
Calculate (1 - 5) + (-14 + 31 - 5).
8
6 - (0 + -6 + 9)
3
0 + 3 - 4 - -5
4
What is -4 + (0 + 2 - 0) - 0?
-2
What is 3 - (12 + -6 + 5 + -6)?
-2
-1 - 2 - (1 + (0 - 1))
-3
Calculate 5 - (2 - ((-3 - 1) + 1)).
0
Calculate 4 + (-5 - 2) + -2.
-5
What is the value of 4 - (-1 + -5 - -5)?
5
Calculate (3 - 3 - 1) + (-1 - -7).
5
What is -59 + 59 + (-1 - -3) - 1?
1
Calculate -3 - (-11 - -4 - -1).
3
What is the value of 7 + -11 + (-1 - -7) - 2?
0
What is the value of (4 + -7 - -6) + 1?
4
Evaluate -12 - ((1 - 26) + 4).
9
What is the value of (6 + 6 - 1) + -12?
-1
What is the value of 0 - 4 - 0 - -3?
-1
1 + 0 + 0 + -1
0
What is -10 + (10 - (10 - 6))?
-4
2 - 4 - ((-14 - -9) + 10)
-7
What is the value of (3 - (-2 - -1)) + (-4 - -3)?
3
Calculate (2 - (-6 + 3)) + -10 + 4.
-1
Evaluate -1 - (-5 + 5 + 1) - -5.
3
Evaluate -1 + 9 + (47 - 61).
-6
1 + 2 + (4 - 4) + -3
0
What is the value of 5 - (-5 + 5 + 5)?
0
Evaluate -11 + 0 + 4 + 3.
-4
What is 7 - (9 + 4 + -1)?
-5
Calculate 5 - (9 + -4) - -1.
1
What is the value of (-6 + 3 - -4) + -2?
-1
What is the value of 7 - (-3 + -7 + 9)?
8
(83 - 91) + 0 + 8 + -1
-1
Calculate -4 + (0 - -2) + 0 + 4.
2
What is the value of -2 + 7 + -3 + 0 + 1?
3
Calculate (18 - 2) + 19 + -29.
6
-3 + (-3 - -2 - (-2 - 5))
3
What is the value of -3 + (0 - -1 - 0) - -1?
-1
What is the value of 6 + -17 + 6 + 1?
-4
What is the value of -6 + (-6 + 3 - -13)?
4
Calculate 2 + (-4 - -4) + 2.
4
What is the value of 5 + (1 - 0 - 10)?
-4
19 + -15 + -3 + 1
2
Calculate -4 - (-11 + (-5 - -2) + 4).
6
(14 - 27) + (-1 - -8)
-6
What is 36 + -35 - (-1 + (-1 - -4))?
-1
What is -4 + 0 - (-5 + 3 - -7)?
-9
Calculate (10 - -13) + -12 - 6.
5
What is the value of (3 + -3 - (-6 - -3)) + -4?
-1
2 + -1 + (6 - 13) + 5
-1
What is the value of -2 + 11 - 6 - (-3 - -7)?
-1
Evaluate 4 - (-11 - -10 - 2).
7
-3 + 13 - (23 + -9)
-4
-1 - 3 - (6 + -9)
-1
2 - (-2 + (-2 - -2))
4
10 - (14 + (9 - 12))
-1
What is the value of 0 + -4 + -2 - -2?
-4
What is -1 - (1 - (6 + -1))?
3
What is the value of (0 - (1 - 2)) + -18 + 13?
-4
Evaluate 9 + 6 + -15 + (-1 - 4).
-5
Evaluate (-2 + 4 - (-4 - -6)) + -2.
-2
Evaluate -3 + (6 - 6) + -1.
-4
Evaluate 2 - (7 + 3 + -6 + 5).
-7
Evaluate 4 + (-1 - 3) - 5.
-5
(3 - 8) + (4 + -2 - 1)
-4
What is the value of -5 + 0 + (0 - (-6 + 1))?
0
What is the value of -10 + 14 - (2 + 1)?
1
Evaluate (4 - -2 - 3) + (2 - 1).
4
What is -11 + 9 + (3 - 1)?
0
(-5 - -2) + 4 + 1 + 5
7
Evaluate 1 - 5 - (7 + -15 - -2).
2
Evaluate 7 + -1 + (-17 + -5 - -12).
-4
What is the value of 3 - (9 + -5) - (2 + -2)?
-1
-1 - ((3 - -2) + -3 - 0)
-3
What is (0 - -4) + -9 + 2 + 1?
-2
(2 - -4) + -3 + 3 + -2
4
Calculate (-13 - (-9 - -1)) + 4.
-1
Evaluate -4 - (3 - (14 - 15)).
-8
What is 0 + 2 + (5 - (3 - -7))?
-3
Calculate -1 - 9 - (1 - 11 - -6).
-6
Evaluate (3 - 2) + (-3 - -4) + -2.
0
What is (2 - 6) + 3 + 0?
-1
What is the value of (-6 - 0) + 9 + -7 - -3?
-1
What is 2 - (-3 + (2 - -1)) - -2?
4
-17 - -8 - (-20 + 3)
8
Evaluate 1 - -6 - (-13 + (18 - 4)).
6
What is the value of 0 - 3 - (3 - 8)?
2
What is 6 - (4 + 6 + -4) - -1?
1
Evaluate 3 + -6 - (-3 - (3 - 4)).
-1
(-11 - -6) + 1 - (-6 + 1)
1
Calculate (-2 - -2 - (6 + -3)) + 1.
-2
35 + -43 - (-12 - -1)
3
What is the value of 48 + -46 + -2 + -1 - 6?
-7
What is the value of -2 + -6 - (-61 + 50)?
3
Calculate 5 + 11 + -6 + -3.
7
Evaluate -14 - (-14 + -10) - 7.
3
3 + 1 + -55 + 44 - -12
5
Calculate -7 - ((-14 - -1) + -1).
7
What is 1 - -4 - (23 + -20)?
2
0 - -7 - 7 - -1
1
Evaluate 6 - 1 - (5 + 4).
-4
(-9 + 7 - 1) + -1
-4
What is the value of 5 + -2 + 64 + -75?
-8
Calculate -183 - -190 - (9 + 1).
-3
What is the value of 3 + 0 + 3 - 2?
4
6 - (-1 + 2 + (-3 - -5))
3
5 + -1 + (4 - 3)
5
Calculate -8 + 5 - -6 - -6.
9
Calculate (0 + 7 - 8) + -5.
-6
4 - (-1 + -3 + 1 + -1)
8
Calculate -7 + 10 + -5 + 5.
3
1 - (3 - 5) - -2
5
What is 3 - (2 + -4 + 5 + 1)?
-1
Calculate -2 - (0 - 5) - (-1 - -6).
-2
What is the value of (-8 + 8 - -10) + 1 + -7?
4
What is the value of -6 + (9 - (-3 + 5))?
1
Calculate